1 - -65) + 0/4 is divided by 252/15 - (l/25)/3?
13
Suppose -44*q - 18103 = -42171. Calculate the remainder when q is divided by 119.
71
Let n(q) = -21*q + 23. Let u be n(-3). Suppose 2*w + 4*k - 38 = k, -4*w - k + u = 0. Calculate the remainder when 130 is divided by w.
20
Calculate the remainder when -6485*(72/(-90))/(1 - -1) is divided by 137.
128
Let l(x) be the first derivative of -2*x**2 - 26*x + 2. Let z(o) = -o - 13. Let g be z(-5). Calculate the remainder when l(g) is divided by 4.
2
What is the remainder when -21*(-3)/63 + -1*-7*18 is divided by 67?
60
Let x(t) = t**2 + 2*t - 5. Let b(r) = 3*r**3 + 9*r**2 + 8*r + 7. Let u be b(-5). What is the remainder when x(-7) is divided by (9 - u)/4*1/3?
14
Let u(f) = f**3 + 27*f**2 - 177*f + 30. What is the remainder when u(8) is divided by 12?
2
Let d = -24 + 68. Let s(m) = 67*m - 121. Let b be s(12). Suppose 3*r + b = 4*t, 26*r = 4*t + 25*r - 689. Calculate the remainder when t is divided by d.
41
Let n be 22/4 - 3 - 3/(-6). Suppose h + 3*w = 13 + 5, 3*w - 48 = -n*h. Calculate the remainder when 15 is divided by h.
0
Let a = -10 + 12. Let l(w) = -4*w**3 - 67*w + 64*w + 6*w**a - 4*w**2 + 2. Calculate the remainder when l(-3) is divided by 14.
11
Suppose 311 = y - 5*r, -y + 2*r + 417 = 100. Suppose y - 69 = 6*c. What is the remainder when c is divided by 4?
2
Let y(u) = -14*u + 47. Let a be y(-3). Suppose -a + 386 = 11*t. Calculate the remainder when 54 is divided by t.
0
Let p = -52 + 54. Suppose 0 = -13*m - p*m + 255. Calculate the remainder when 54 is divided by m.
3
Let p(z) = 31*z - 114 + 2*z**2 - z**2 + 181. Calculate the remainder when 10 is divided by p(-29).
1
Calculate the remainder when 1190 is divided by (228/171)/(3/18).
6
Suppose -42 = 9*w - 42. Suppose -c + 118 = -4*i, 3*c - i - 94 - 227 = w. Calculate the remainder when c is divided by 55.
51
Suppose -48 = -r + d, -2*r - 27*d + 32*d = -99. What is the remainder when r is divided by (-3)/6 + 108/8?
8
Let o = 4284 - 4215. Calculate the remainder when 3172 is divided by o.
67
What is the remainder when -68*13/((-65)/10) is divided by 38?
22
Let v = -383 - -390. Suppose -v*p = -31 - 25. Calculate the remainder when 13 is divided by p.
5
Let x(o) = -103*o - 1. Let v be x(1). Let t = -155 - -120. Let j = t - v. What is the remainder when j is divided by 9?
6
Let k(c) = -68*c. Calculate the remainder when k(-2) is divided by (69/(-33))/(33/(-363)).
21
Let s = -1310163 - -1310268. Suppose -2*x + 3135 = 3*x. What is the remainder when x is divided by s?
102
Let s = 215 + 8857. Calculate the remainder when s is divided by 5.
2
Suppose -17*s + 12*s - 370 = 0. Let v = -24 - s. Suppose 5*m = -5*l + 50, -5*m - 5*l + v = -l. Calculate the remainder when 59 is divided by m.
9
Let u = 154 - 102. Let j be 5 - (-3)/((-32)/20 + 1). Suppose j = 17*d - 50*d + 594. Calculate the remainder when u is divided by d.
16
Suppose 0 = 432*x - 437*x - 20. What is the remainder when 402 is divided by (3/(-2))/(x - (-430)/108)?
78
Let y be 5/2*(-272)/(-340). Suppose 0 = 3*l - 68 + y. Suppose 3*s - 4*k = 374, -2*s + 244 = k - 5*k. Calculate the remainder when s is divided by l.
20
Let l = 11716 + -9440. What is the remainder when l is divided by 17?
15
Let p(k) = -77*k - 26. Let a be p(-2). Suppose 0 = 2*t - n - 264, -2*t + 4*n + a = -124. Calculate the remainder when t is divided by 28.
22
Let x(j) = j - 3. Let v be x(-1). Let l be 6/v*(-150)/45. Calculate the remainder when 243 is divided by (-18)/90 - (-176)/l.
33
Let q(l) = l**2 + 46*l + 585. Let f(w) = 23*w + 8. Calculate the remainder when f(7) is divided by q(-22).
55
Suppose -2*t - 40 = -3*t. Calculate the remainder when (-19676 - 29)/(-35) + -6 is divided by t.
37
Calculate the remainder when 951 is divided by ((-8)/36)/((-4)/1080*6).
1
Let u = 16232 + -10361. What is the remainder when u is divided by 21?
12
Let m(c) = -c**3 + 29*c**2 + 32*c + 1200. Calculate the remainder when m(31) is divided by 61.
26
Suppose -5*p + 3*p = 3*s - 59, -52 = -3*s + 5*p. Suppose 4*m + s = 3*i, -i = 2*m - 19 - 4. What is the remainder when 85 is divided by i?
7
Let c(q) = q**3 + 7*q**2 + 9*q + 23. Let i be c(-6). Suppose -2*k - 953 = -i*k - 5*s, -3*k - 3*s = -963. What is the remainder when k is divided by 41?
39
Let c = -5113 - -9070. Calculate the remainder when c is divided by 12.
9
Suppose -w + 1 - 10 = 3*n, -3*w + 5*n = -43. Suppose -47*d - 35 = -52*d. Calculate the remainder when d is divided by w.
1
Let u be 3 + 2444/12 + (-12)/18. Let z = u + -197. What is the remainder when 61 is divided by z?
7
Let o(r) be the third derivative of r**5/60 + 3*r**4/8 + 8*r**3/3 + 19*r**2 + 2*r. Calculate the remainder when o(-16) is divided by 7.
2
Let n be 12 - (7 + (-3 - -3)). What is the remainder when 229 is divided by 231/n - (36/(-45) - 0)?
41
Let x = 19 + 22. Suppose 10*v = v - 81. What is the remainder when x is divided by (21/v)/(3/(-9))?
6
Let j be (-88)/(-72) + 2/(-9). Let a(f) = -6*f + 12. Let c(h) = -12*h + 26. Let u(s) = -13*a(s) + 6*c(s). Calculate the remainder when 26 is divided by u(j).
2
Suppose 3*l + 18 = 5*u + 1, 2*u = -2*l + 10. Let w(c) = -3*c**2 + 14*c - 1. Calculate the remainder when 1 - 12/3*-8 is divided by w(u).
5
Let z(u) = u**3 + 8*u**2 + 3*u + 1. Let k(i) = i + 3. Let l be k(-2). What is the remainder when z(-5) is divided by (3/l)/(-3) + 33?
29
What is the remainder when 544 is divided by ((-24)/(-30))/(-6 - 5528/(-920))?
84
Let p(s) = 4*s + 101. Let d(j) = -6*j - 101. Let b(k) = 4*d(k) + 3*p(k). What is the remainder when 52 is divided by b(-10)?
14
Suppose -8*k - 16*k - 710 = -3902. Calculate the remainder when 394 is divided by k.
128
Let y(r) = -80*r**3 + 3*r + 2. Calculate the remainder when y(-2) is divided by (3 - (-6 - (-1845)/(-9)))*(-2)/(-4).
101
Let a(p) = 82*p + 577. Calculate the remainder when 278 is divided by a(-7).
2
Suppose 255 = 11*s + 200. Suppose 313 = 5*l - s*h + 8*h, 3*l - 187 = -h. Calculate the remainder when 246 is divided by l.
60
Suppose -4*c + 75 = 3. Let j = -43 + 58. What is the remainder when c is divided by j?
3
Suppose -11 = 2*s + 5*l + 30, -s + 4*l + 12 = 0. Let r(y) = y**2 + 15. Let a be r(0). Let j = a - s. Calculate the remainder when 111 is divided by j.
19
Suppose -18*j + 2229 = 1113. What is the remainder when 732 is divided by j?
50
Let t(s) = -5*s - 17. Suppose -18 = 2*z + 16*r - 12*r, 4*r - 59 = 5*z. What is the remainder when t(z) is divided by 13?
12
Suppose -2*a + 5*f + 8 = 0, 58 = 5*a - 0*f - 3*f. Let n(w) = 5*w. Calculate the remainder when n(a) is divided by 24.
22
Suppose 66 = -4*d + 170. Suppose -718 - 2892 = -10*c. What is the remainder when c is divided by d?
23
Let w(l) = 5*l**2 + 5*l - 1. Let j(u) = 5*u - 7. Suppose 0 = 6*b - 7*b + 9. What is the remainder when w(-6) is divided by j(b)?
35
Let x = 15 - 21. Suppose 3*c - 8 = v, -2*c + 57 - 59 = 3*v. Calculate the remainder when 65/c*x/(-5) is divided by 6.
3
Let p = -748 + 753. Suppose -383 = -p*w - 4*d, -2*d + 154 = -4*w + 6*w. What is the remainder when w is divided by 30?
15
Suppose 0 = -3*b, -4*x = 8*b - 6*b - 40. Suppose 3 = c + 5. Calculate the remainder when c*47*(-4)/8 is divided by x.
7
Let m = -1738 - -1741. Let f(n) be the first derivative of 4*n**2 - 7*n + 1. Calculate the remainder when 48 is divided by f(m).
14
Suppose -201 + 1401 = 2*v. Suppose -v = -6*q + 150. What is the remainder when 365 is divided by q?
115
Suppose -8*n - 4884 = -20*n. Let k = n - 376. What is the remainder when 118 is divided by k?
25
Suppose -3902 = -11*h + 21629. What is the remainder when h is divided by 23?
21
Let j(h) = h**2 - 7*h + 2. Let a be j(0). Let v(m) = m**3 - m - 4. Calculate the remainder when v(a) is divided by 2.
0
Suppose 28*d - 25*d + 3*m - 27 = 0, -2 = -2*m. Suppose -2*j - 311 = -3*j. Suppose 7 = -d*q + j. Calculate the remainder when 71 is divided by q.
33
Suppose 37*y - 672*y + 11479 + 76786 = 0. What is the remainder when 301 is divided by y?
23
Suppose 4*q - 401 = -3*c, -4*q + 524 = 3*c + c. Calculate the remainder when 1840 is divided by c.
118
Let a(t) = -t**3 - 40*t**2 + 37*t - 67. Calculate the remainder when a(-41) is divided by 28.
13
Suppose -z + 4*l = -7, 3*z - 5*z + 1 = 5*l. Let t be -6*(2 - 3 - z). Suppose t = s + 3. Calculate the remainder when 123 is divided by s.
18
S